d derivative of 1/6*k**3 + 1/60*k**5 - 37*k**2 - 1/12*k**4 + 0 + 0*k. Determine z(3).
4
Let l be 18/(-9) - (34 + 3). Let o be 712/(-104) + 6/l. Let a(f) = f**2 + 7*f + 4. Determine a(o).
4
Let r(t) = -214*t - 191. Let l be r(-1). Let z(i) = i**2 - 21*i - 50. What is z(l)?
-4
Let z be (5 - 1)/((-50)/75). Let b(l) = l**3 + 8*l**2 + 7*l - 6. What is b(z)?
24
Let w(d) = -d**2 + 5*d - 5. Let g be -2 + (10 - 2) + -1. Give w(g).
-5
Let h(v) be the second derivative of -v**4/12 - 3*v**3/2 - v**2/2 + 2*v - 16. What is h(-4)?
19
Let y(o) = o**3 - 5*o**2 + 2*o. Let v(n) = -89 + 3*n - 2*n + 54 + 47. Let u be v(-8). Calculate y(u).
-8
Let o(h) = h**3 - h**2 - 3*h - 1. Let f be 2/(28/(-8) + 4). Suppose -f*x = 2 + 6. Calculate o(x).
-7
Let d(b) = 5*b - 8. Suppose -3*x - 2 + 10 = -5*v, 4*v = -x + 14. Determine d(x).
22
Suppose -4 = 2*k - 3*k. Let z = k + 0. Suppose -b + 0*b - 4 = z*h, -h + 20 = -5*b. Let f(w) = 4*w + 6. Give f(b).
-10
Let x(j) = j**3 + j**2 + j - 1. Let c(s) = 13*s**3 - s**2 + 2. Let d be c(1). Let u = d - 14. Calculate x(u).
-1
Let j(c) = -c + 17. Let z be j(14). Let g(u) = u**3 + 11*u**2 + z + 9 - 24 + 10*u. What is g(-10)?
-12
Let a(r) = -r**3 - 29*r**2 - 30*r - 60. Suppose 0 = 4*g + 5*z + 87, -9*g + 13*g + 102 = -2*z. Give a(g).
-4
Let k(z) = 2*z + 1. Let h(n) = n**2 + 14*n + 15. Let f be h(-11). Let c = f + 4. Let g be c/(-6) + 6/9. Give k(g).
7
Let p(q) = 5*q**2 - 5*q - 3. Suppose 0 = 2*d + 2*m, -5*d = -4*m - 345 + 327. What is p(d)?
7
Let z(u) = 4 - 6 - u - u + 8. Let r be (4 + -5)*(-1 - -1). Suppose r = 4*y + 2*y - 30. Calculate z(y).
-4
Let d(q) = 8*q + 3*q**2 + 2*q**2 + 54 - 6*q**2 - 25 - 33. Let s = 23 - 15. Calculate d(s).
-4
Let w(n) = 12*n - 10. Let c(z) = -z**3 - 10*z**2 - 8*z + 7. Let a be c(-9). Let h(k) = -k + 1. Let v(p) = a*w(p) - 22*h(p). Determine v(-2).
2
Let w(t) = t**3 + 19*t**2 - 20*t + 14. Let z be w(-20). Let h be 66/42 - 2 - 22/z. Let k(a) be the third derivative of a**4/4 - a**3/6 - a**2. What is k(h)?
-13
Let s(r) be the first derivative of 3 + 2/3*r**3 - 1/2*r**2 + 0*r. Determine s(1).
1
Let q(g) = 5*g - 4. Let k(d) = 11*d - 9. Let t(x) = -2*k(x) + 5*q(x). Give t(-1).
-5
Let x(c) = -3*c**3 + 8*c**2 - 5*c - 12. Let q(g) = -14*g**3 + 33*g**2 - 21*g - 51. Let u(v) = 2*q(v) - 9*x(v). Give u(-6).
-12
Let d be 5 + 2 + (-3 - 1). Let t(j) = -j**2 + 3 - 6*j**3 + 5*j**3 - 4*j + 4*j**d. Calculate t(2).
15
Let z(g) = g**3 - 13*g**2 - 13*g - 7. Let w = 16 - 2. Determine z(w).
7
Let m(p) = -p**3 + 8*p**2 - 6*p - 9. Suppose 2*q + 1201 = 1215. Determine m(q).
-2
Let y(l) = -2. Let r(d) = -1. Let a(g) = -g - 13. Let n(p) = -a(p) + 4*r(p). Let c(m) = n(m) - 5*y(m). Calculate c(-9).
10
Suppose 4*c - 16 = -2*b, -b = -2*c - 0*b + 4. Suppose 34 = 5*d + 3*g, -5*g = 4*d - 9 - 26. Suppose -d*y = -c*y. Let a(r) = r**3 - r - 6. Give a(y).
-6
Let o(b) be the second derivative of b**5/30 - b**4/24 - b**3/3 - 13*b**2/2 + 10*b. Let v(y) be the first derivative of o(y). Give v(2).
4
Let r(k) be the first derivative of 0*k + k**2 + 6 - 1/3*k**3. Let s(h) = -3*h + 17. Let f be s(4). Calculate r(f).
-15
Let i(p) = 25*p + 37. Let f(b) = 54*b + 79. Let v(u) = -6*f(u) + 13*i(u). Calculate v(-14).
-7
Suppose -147 = 15*s - 852. Let j = s - 41. Let z(d) be the first derivative of -d**4/4 + 7*d**3/3 - 7*d**2/2 - d - 1. Give z(j).
-7
Let a(l) = -l**2 - 3*l. Let p be (-2 - 1) + 1 + 5. Let g be 0/((-1 - 1) + p). Suppose -3*j - 2*u - 18 = g, -j - 7 = u - 0*u. Determine a(j).
-4
Let o(l) be the third derivative of l**5/30 - l**4/24 + l**2. Let w(a) = 5 - 2*a - 4 - 11 - 2. Let j be w(-5). Calculate o(j).
10
Let u be (-14 - (-13 - -6)) + (-6)/2. Let v(m) = -m**2 - 13*m - 9. Calculate v(u).
21
Let z = -81 + 85. Let f(l) be the first derivative of l**4/4 - 4*l**3/3 - l**2/2 + 2*l + 6. Calculate f(z).
-2
Suppose 4*q = -q - 25. Let i(c) = 12*c**2 + 19*c + 15. Let d(u) = 7*u**2 + 10*u + 8. Let p(s) = -5*d(s) + 3*i(s). Give p(q).
-5
Suppose 0 = -35*s + 32*s + 84. Let n be 5/(-1) - (-56)/s. Let v(m) = 5*m + 6. Let b(l) = l + 1. Let w(j) = 4*b(j) - v(j). Calculate w(n).
1
Suppose 2*u + u + 3*n = 15, 2*n = -5*u + 22. Suppose 3*q - u = 2*h, 4*q = 4*h + 2*q + 24. Let c(l) = l**2 + 8*l - 7. Determine c(h).
-7
Let f = -4 + 8. Let a(m) = -2*m + 26. Let z be a(12). Let k(q) = 4 + q**3 + 3*q**2 - 3*q**2 - q**2 - 5*q - z*q**2. Determine k(f).
0
Let k(w) = w**3 + 7*w**2 + 7*w - 1. Suppose -2*n = -4*p - 20, -8*n = p - 13*n - 4. Give k(p).
-7
Let s(z) = -6*z + 304. Let p be s(52). Let i(m) = -m**2 - 10*m + 19. What is i(p)?
35
Let c(g) = -g**2 - g + 13. Let l be c(-4). Suppose -3*j - q = 0, -2*j + 3*q - l = 10. Let n(f) = -f**2. Calculate n(j).
-1
Let j(p) = -5*p**2 - 3*p + 4. Let l(x) = -9*x**2 - 6*x + 9. Let y(h) = -11*j(h) + 6*l(h). Let b be y(0). Let t(o) = o - 13. Calculate t(b).
-3
Let h(j) = -11*j**2 - 5*j - 4. Let z be (-4)/(-1 - -5)*(-2 + 4). What is h(z)?
-38
Suppose 0 = -5*x + 23 - 93. Let f = x + 16. Let c(m) = -m**2 - 2*m**f - 3*m**2 + 2 + 7*m + 5*m**2. Calculate c(8).
-6
Let q(c) be the third derivative of -5*c**4/24 + c**3/6 - 32*c**2 - 2*c. Give q(-2).
11
Let g be 136/22 - (-12)/(-66). Let q be g/(-9)*6/(-1). Let w(b) = -2*b + 4 - 2*b - b**3 + q*b**2 - b**2. Give w(3).
-8
Let t(i) = -i**3 - 27*i**2 + 4*i + 109. Let o be t(-27). Let p(z) = -30*z**2 + z - 1. What is p(o)?
-30
Let t = 125 - 97. Let k(q) = -29*q + 56*q - 25 - t*q + 3. Determine k(0).
-22
Let w be 651/(-91) - 4/(-26). Let d(u) = 2*u + 8. Let g(k) = -6*k - 25. Let z(t) = -7*d(t) - 2*g(t). Determine z(w).
8
Let r(o) = o**3 + 8*o**2 + 5*o - 15. Let h(p) = 3*p + 32. Let n be h(-13). Determine r(n).
-1
Suppose -x + 5 = -0. Suppose -2*n - 2*q = 6, -n + x*q - 2*q = -1. Let g(y) = 5*y**2 + 2*y. What is g(n)?
16
Let r(f) = 5*f + 10. Let l(o) = -o - 1. Let m(c) = -2*l(c) - r(c). Suppose -3*j - 32 = -23, w + 2*j = -12. Determine m(w).
10
Let a be 4/3*((-2)/4 + 2). Let p(t) = 17*t - 2. Let d(l) = -16*l + 2. Let k(x) = 7*d(x) + 6*p(x). Calculate k(a).
-18
Let q(o) = 2*o + 5. Let a(d) = 9*d + 46. Let g be a(-20). Let i = -128 - g. Give q(i).
17
Suppose 82 = 4*i + 58. Let m(l) be the third derivative of 1/30*l**5 + 0 + 1/24*l**4 + 0*l + 6*l**2 + 2/3*l**3 - 1/120*l**i. Give m(3).
-2
Let s(g) = 3*g**3 - 4*g**2 + 5*g - 3. Suppose 21*v - 20*v = -4. Let l(b) = 7*b**3 - 8*b**2 + 10*b - 5. Let o(u) = v*l(u) + 9*s(u). What is o(-5)?
-7
Let h(b) = b**2 - b - 1. Let x be 1 - -1 - -2*1. Suppose -x*k = -6*k - 14. Let q = 6 + k. Determine h(q).
1
Let v(x) be the second derivative of x**4/4 + x**3/6 + x**2/2 - 3*x. Suppose 2 = u - 2*i - 6, -5*i - 15 = -2*u. Let t = -11 + u. Give v(t).
3
Let o(q) = 5*q + 6. Suppose -p = 6*p - 21. Give o(p).
21
Let m(x) = x**3 + 6*x**2 - 7*x + 5. Let t be m(-7). Let u(b) = -b + 3 - 3*b - 2*b - b**3 + 6*b**2. What is u(t)?
-2
Suppose w + 4*w - 78 = 2*c, -4*w + 60 = -4*c. Let h(f) = 31 - 15 - w - 11*f. Determine h(1).
-11
Suppose -3*v + k = -20, 8*v - 6*v = -k + 20. Let u(a) = v*a + 6*a**2 + 14*a - a**3 - 17*a - 6. What is u(6)?
24
Suppose 4*y - 3*y + 1 = 0, k + 8 = -4*y. Let o(j) = 1. Let z(r) = r - 1. Let n(s) = o(s) + z(s). Let w(b) = -6. Let i(q) = 3*n(q) - w(q). Determine i(k).
-6
Let h(y) = -36*y - 4 + 106*y - 35*y - 33*y. What is h(5)?
6
Let i(c) = 3*c**2 + 17*c - 13. Let v(r) = -4*r**2 - 25*r + 19. Let h(d) = 7*i(d) + 5*v(d). Suppose 0*n = -n - 12. Let m = n - -17. Calculate h(m).
-1
Let g(y) = -20*y - 5. Let f(t) = -13*t + 2 - 6 - 7*t + t. Let j(i) = 6*f(i) - 5*g(i). Determine j(1).
-13
Let f be 6/(-24) + 4/(64/(-44)). Let r(w) = -8*w - 4. What is r(f)?
20
Let q(u) = -u**3 + u**2 + u + 2. Suppose h - 4 = -h. Calculate q(h).
0
Let f(u) be the second derivative of -u**3/6 - 11*u**2/2 - u. Suppose 52*a - 47*a + 45 = 0. Calculate f(a).
-2
Let x(k) = k**2 - 12*k - 2. Let s(c) = -c**2 - c. Let l(w) = -2*s(w) - x(w). What is l(-13)?
-11
Suppose -46*h = -43*h - 6. Let r(z) = h*z**3 - 3*z**3 + 5 + z**2 + 0*z**3. What is r(0)?
5
Suppose -1 = c + q - 12, -10 = -5*c + 4*q. Let f(u) be the first derivative of -u**2/2 + 3*u - 574. Calculate f(c).
-3
Suppose 11*l + 8 = 11*l + 2*l, 3*l = -3*v. Let x(c) be the first derivative of -c**4/4 - 4*c**3/3 + c**2 - c - 2. Calculate x(v).
-9
Let v(u) be the first derivative of u**4/4 - 2*u**3/3 - 3*u**2/2 - 2*u + 1. Let z(c) = -6*c + 57. Let r be (-17)/(-2) - (-